 -b = -3*x + 2*b. Suppose x*m = -0*m + 90. Calculate the remainder when m is divided by w(5).
4
Let p(g) = g**3 - 6*g**2 - 21*g + 89. What is the remainder when p(8) is divided by 30?
19
Let s = 866 - 849. What is the remainder when 219 is divided by s?
15
Suppose -10*y = -w - 14*y + 20, y = -3*w + 93. What is the remainder when w is divided by 9?
5
Suppose -440 = -9*k + 55. What is the remainder when 1318 is divided by k?
53
Let a = -155 - -163. Let c(q) = -3*q + 3. Calculate the remainder when c(-3) is divided by a.
4
Let p = -204 + 329. Let q = -1 + 44. What is the remainder when p is divided by q?
39
Suppose 77 = -7*k - 413. Let n = 77 + k. What is the remainder when 47 is divided by n?
5
Suppose 2*c = -s + 69, -c - 2*s = -0*s - 42. What is the remainder when c is divided by 25?
7
Let c(q) = q**2 - q. Let f be c(2). What is the remainder when 33 is divided by 1 + (-1 - f) + 7 - 0?
3
What is the remainder when (10945/11)/5 + 2 is divided by 17?
14
Let o(j) = 16 + 0*j**3 + j**3 + 3*j**2 - 3 - 10*j - 12*j**2. What is the remainder when o(10) is divided by 4?
1
Suppose -5*p - 7 - 3 = 0. Suppose -4*z = j - 23, 2*j + 29 = 6*j - 5*z. Calculate the remainder when j is divided by 2*((-5)/p + 1).
4
Let x(d) = 11*d - 6. Let o be ((-3)/(-1))/3 - -5. Let f be x(o). Suppose -w + 0*m + 15 = -m, -m = -4*w + f. Calculate the remainder when w is divided by 6.
3
Let k = -1106 - -1227. Calculate the remainder when 231 is divided by k.
110
Suppose 3*j - 320 = -j. Suppose 8*l = -0*l + j. Suppose 5*x = l*x - 15. Calculate the remainder when 7 is divided by x.
1
Let a = -92 + 143. Let t(j) = 10*j + 8. What is the remainder when t(14) is divided by a?
46
Suppose -7*j + 3*j = 0. Calculate the remainder when 0 + 36 + j + 2 is divided by (1 + 1)/(-3 + 155/50).
18
Suppose -5*i + 1039 - 954 = 0. What is the remainder when 179 is divided by i?
9
Let n be (-2 - (-6 - -1))*3. Let q(r) = 6*r - 22. What is the remainder when 63 is divided by q(n)?
31
Suppose -2*y + 165 = 3*y. Suppose 0*w = 5*r - 3*w - y, w = -3*r + 31. What is the remainder when r is divided by (-1*(-5)/(-1))/(-1)?
4
Let c = 272 + -157. Let s = 273 - c. Calculate the remainder when s is divided by 32.
30
Let c(d) = d**2 - 6*d - 11. Suppose 5*i - 5 - 45 = 0. Let j be c(i). Suppose -j*v + 28*v = -20. Calculate the remainder when 79 is divided by v.
19
Suppose -27*l + 20 = -439. What is the remainder when 847 is divided by l?
14
Suppose b + 0*b = -2. Calculate the remainder when (10/6)/((-2)/(-66)) is divided by -2 + b*(-21)/2.
17
Let n(u) = 15*u + 606. Calculate the remainder when 88 is divided by n(-39).
4
Suppose 0 = -5*f - 10*i + 14*i - 2, 3*f + 4*i = 18. Suppose -f*t = -23 + 3. Calculate the remainder when 99 is divided by t.
9
Suppose -3*o + l + 2*l + 3 = 0, 0 = 3*o - 2*l - 5. Suppose -24 = -o*n - n. Suppose -5*w + 102 = -73. What is the remainder when w is divided by n?
5
Suppose -1790*x = -1792*x + 24. Calculate the remainder when 146 is divided by x.
2
Let u be 12/9*(-12)/(-32)*4. Suppose 0 = 8*x + u*x - 110. Calculate the remainder when x is divided by 7.
4
Let v(d) = d + 7. Suppose 0 = 3*r - 8*r + 5. Let l(t) = 4*t - 1. What is the remainder when v(6) is divided by l(r)?
1
Suppose a - 6*a + 65 = 0. Let w(j) = j**2 + 17*j + 5. What is the remainder when w(-18) is divided by a?
10
Suppose h + 1 = -2. Let n(x) = 46*x + 42*x - 4*x**3 - 94*x + 0*x**2 - 5*x**2. Calculate the remainder when n(h) is divided by 21.
18
Suppose 6*o = 12*o + 60. Let q = o + 28. What is the remainder when q is divided by 10?
8
Let l be (1 + -3)*4/(-8). Let w be (-1 - l) + 4 - 1. Let f(d) = 17*d**3 + 2*d**2 - 1. Calculate the remainder when 53 is divided by f(w).
17
Suppose -36*d = -4643 - 577. What is the remainder when d is divided by (-3)/(-3 + -3)*98?
47
Suppose 0 = 3*x + 15, 0*x = 3*d + 3*x - 93. Calculate the remainder when 2/2*29 - -4 is divided by 1/(-2)*d/(-2).
6
Let p = -70 - -74. Suppose p*j + 22 = 302. Calculate the remainder when j is divided by 18.
16
Suppose -12*s = -910 - 26. What is the remainder when s is divided by 22?
12
Let v(o) = o**2 + 3*o - 42. Let g be v(0). Let y = -34 - g. Calculate the remainder when 37 is divided by y.
5
Let h(v) = v**3 + 4*v**2 + 1. Let q be h(-4). Suppose -552 = -0*j - 24*j. Calculate the remainder when j is divided by (q - 3)*13/(-2).
10
Let p(m) = -40*m + 538. Calculate the remainder when p(-6) is divided by 20.
18
Let i(g) = 10*g**3 - 3*g**2 + 2*g + 2. What is the remainder when 236 is divided by i(1)?
5
Suppose -t - 3*j + 51 = -5*j, -2*t - 3*j = -81. Suppose 2*c = 10 + 116. Suppose 4*m - c = -15. What is the remainder when t is divided by m?
9
Suppose -2*i = -5*a - 916, a + 16 = 14. What is the remainder when i is divided by 65?
63
Let n(r) = 57*r**3 - r**2 - 1. Let l(z) = 58*z**3 - z**2 - 1. Let k(b) = -4*l(b) + 3*n(b). What is the remainder when k(-1) is divided by 16?
15
Suppose -j - 13*k + 94 = -10*k, 406 = 4*j - 3*k. Calculate the remainder when j is divided by 39.
22
Let c(z) = -z**3 - 3*z**2 - 5*z - 4. Let x be c(-2). Suppose 3*f - 103 + 22 = x*h, 5*f - 128 = h. Calculate the remainder when f is divided by 93/7 + (-6)/21.
12
Suppose 14*z - 2231 = 4797. Calculate the remainder when z is divided by 9.
7
Suppose -5*f + 57 + 38 = 0. Let q = f - 15. Suppose 2*v + 19 + 31 = 3*z, -q*v - 72 = -4*z. Calculate the remainder when 54 is divided by z.
12
What is the remainder when 6 - (-87 + (-6 - -14)) is divided by 29?
27
Let n(s) = s**2 + 7*s - 2. Let v be n(-7). What is the remainder when (-567)/(-27) + 8/v is divided by 6?
5
Suppose q = 3*y - 8, 2*y - 12 = y + 5*q. Suppose -y*n - 14 = -s, -3*s = -0*n - 2*n - 38. Let c = -2 - -23. What is the remainder when c is divided by s?
9
Suppose 5*o = 2*b + o - 90, 3*o = 5*b - 253. Calculate the remainder when 61 is divided by b.
8
Let c(o) = -o**3 + 10*o**2 - 2*o + 20. Let n be c(10). Let y(z) = -z + 2. Suppose 4*i + 0*i = 8. Calculate the remainder when i is divided by y(n).
0
Suppose 0 = -l + 2 - 3. Suppose -31*j + 28*j = -57. What is the remainder when (3/(-6))/(l/70) is divided by j?
16
Let v be 15*(0 + 1) + 2. Let i = v - 11. Calculate the remainder when 11 is divided by i.
5
Let v(p) = -24*p - 7 + 7 + 7*p. Calculate the remainder when 1/2 + (-95)/(-2) is divided by v(-1).
14
Let c(x) = x**2 + 2*x + 10. Let y be c(-4). Let o(w) = -1 + 6 - y*w - 7 - 3. Calculate the remainder when o(-2) is divided by 17.
14
Suppose -7*j = -9*j + 140. Let b = -56 + j. What is the remainder when 27 is divided by b?
13
Suppose 0 = 265*c - 278*c + 117. What is the remainder when 348 is divided by c?
6
Suppose -q - y = -42, -q + 5*y = -17 - 19. Suppose 2*z + 9 = q. Let a = 0 + z. What is the remainder when 30 is divided by a?
14
Suppose 3000 = 4*s + 4*x, 5*s - 33*x - 3746 = -37*x. What is the remainder when s is divided by 150?
146
Suppose x + 30 = -2*x. Let i(y) = -9*y - 4. What is the remainder when i(x) is divided by 44?
42
Suppose 0 = -2*j + 4. Suppose 16 = -4*p, 6 = 2*q + 3*p - j. Let a(m) = 5*m - 1. What is the remainder when a(4) is divided by q?
9
Let a(q) = 44*q**3 + q - 1. Let w = -10 + 12. Suppose -3*g + 5*x = -35, -2*x = -g + w*x + 7. What is the remainder when a(1) is divided by g?
14
Suppose -22 = -13*k + 14*k. Let c be 4/(-22) - 2842/k. Suppose -6*p - 51 = -c. What is the remainder when 37 is divided by p?
11
What is the remainder when 96 is divided by 2/(-16) + (-1068)/(-96)?
8
Suppose -13*z + 1421 + 399 = 0. What is the remainder when z is divided by 12?
8
Let l be (-3 - (-1 - 1))*-5. Suppose 22 = 2*z + h, -h = l*z - 32 - 23. What is the remainder when 21 is divided by z?
10
Let d(z) = z - 73. Let n be d(22). Let g = -47 - n. What is the remainder when 7 is divided by g?
3
Let d(q) = -12*q - 252. Calculate the remainder when 77 is divided by d(-22).
5
Suppose -4 = 3*q + 8. Calculate the remainder when (-195)/26*q/2 is divided by 6.
3
Let g(h) = -h**3 + 4*h - 4. Let z be g(-4). Let q = z + -23. Calculate the remainder when q is divided by 8.
5
Let c(u) = 3*u - 6. Let w be c(-3). Let p = w - -17. Suppose -s + 33 = p*s. Calculate the remainder when 43 is divided by s.
10
Let m(n) = n**2 - 6*n + 9. Let j be m(7). Let o = j - -14. What is the remainder when o is divided by 12?
6
What is the remainder when 76 + (12/(-4 + 1) - -4) is divided 